{"id":5275,"date":"2025-06-11T18:06:12","date_gmt":"2025-06-11T18:06:12","guid":{"rendered":"https:\/\/depositofrade.com.br\/?post_type=product&#038;p=5275"},"modified":"2026-02-07T12:17:18","modified_gmt":"2026-02-07T12:17:18","slug":"ducha-loren-showern-eletronico-lorenzetti","status":"publish","type":"product","link":"https:\/\/depositofrade.com.br\/?product=ducha-loren-showern-eletronico-lorenzetti","title":{"rendered":"DUCHA LOREN SHOWER ELETRONICO LORENZETTI (127V &amp; 220V)"},"content":{"rendered":"<div>\n<p>O<em>\u00a0Loren Shower Ultra<\/em>\u00a0possui formato quadrado, seguindo as tend\u00eancias de arquitetura. A Resist\u00eancia\u00a0<em>Loren Ultra\u00a0<\/em>integra o conceito tecnol\u00f3gico do produto e garante alta performance e longa dura\u00e7\u00e3o, se comparada \u00e0s resist\u00eancias comuns.<\/p>\n<\/div>\n<div>\n<p>O\u00a0<strong>Loren Shower Eletr\u00f4nico<\/strong>\u00a0possui controle de temperatura gradual,\u00a0sem a necessidade de aumentar ou diminuir a vaz\u00e3o da \u00e1gua para obter a temperatura desejada, garantindo comodidade e economia no banho.<\/p>\n<\/div>\n","protected":false},"excerpt":{"rendered":"<p>O\u00a0Loren Shower Ultra\u00a0possui formato quadrado, seguindo as tend\u00eancias de arquitetura. A Resist\u00eancia\u00a0Loren Ultra\u00a0integra o conceito tecnol\u00f3gico do produto e garante alta performance e longa dura\u00e7\u00e3o, se comparada \u00e0s resist\u00eancias comuns. O\u00a0Loren Shower Eletr\u00f4nico\u00a0possui controle de temperatura gradual,\u00a0sem a necessidade de aumentar ou diminuir a vaz\u00e3o da \u00e1gua para obter a temperatura desejada, garantindo comodidade e [&hellip;]<\/p>\n","protected":false},"featured_media":5277,"template":"","meta":{"site-sidebar-layout":"default","site-content-layout":"","ast-site-content-layout":"default","site-content-style":"default","site-sidebar-style":"default","ast-global-header-display":"","ast-banner-title-visibility":"","ast-main-header-display":"","ast-hfb-above-header-display":"","ast-hfb-below-header-display":"","ast-hfb-mobile-header-display":"","site-post-title":"","ast-breadcrumbs-content":"","ast-featured-img":"","footer-sml-layout":"","theme-transparent-header-meta":"default","adv-header-id-meta":"","stick-header-meta":"","header-above-stick-meta":"","header-main-stick-meta":"","header-below-stick-meta":"","astra-migrate-meta-layouts":"set","ast-page-background-enabled":"default","ast-page-background-meta":{"desktop":{"background-color":"","background-image":"","background-repeat":"repeat","background-position":"center center","background-size":"auto","background-attachment":"scroll","background-type":"","background-media":"","overlay-type":"","overlay-color":"","overlay-opacity":"","overlay-gradient":""},"tablet":{"background-color":"","background-image":"","background-repeat":"repeat","background-position":"center center","background-size":"auto","background-attachment":"scroll","background-type":"","background-media":"","overlay-type":"","overlay-color":"","overlay-opacity":"","overlay-gradient":""},"mobile":{"background-color":"","background-image":"","background-repeat":"repeat","background-position":"center center","background-size":"auto","background-attachment":"scroll","background-type":"","background-media":"","overlay-type":"","overlay-color":"","overlay-opacity":"","overlay-gradient":""}},"ast-content-background-meta":{"desktop":{"background-color":"var(--ast-global-color-5)","background-image":"","background-repeat":"repeat","background-position":"center center","background-size":"auto","background-attachment":"scroll","background-type":"","background-media":"","overlay-type":"","overlay-color":"","overlay-opacity":"","overlay-gradient":""},"tablet":{"background-color":"var(--ast-global-color-5)","background-image":"","background-repeat":"repeat","background-position":"center center","background-size":"auto","background-attachment":"scroll","background-type":"","background-media":"","overlay-type":"","overlay-color":"","overlay-opacity":"","overlay-gradient":""},"mobile":{"background-color":"var(--ast-global-color-5)","background-image":"","background-repeat":"repeat","background-position":"center center","background-size":"auto","background-attachment":"scroll","background-type":"","background-media":"","overlay-type":"","overlay-color":"","overlay-opacity":"","overlay-gradient":""}},"_joinchat":[]},"product_brand":[],"product_cat":[60],"product_tag":[78],"class_list":{"0":"post-5275","1":"product","2":"type-product","3":"status-publish","4":"has-post-thumbnail","6":"product_cat-chuveiros","7":"product_tag-chuveiro","8":"desktop-align-left","9":"tablet-align-left","10":"mobile-align-left","12":"first","13":"instock","14":"shipping-taxable","15":"product-type-simple"},"_links":{"self":[{"href":"https:\/\/depositofrade.com.br\/index.php?rest_route=\/wp\/v2\/product\/5275","targetHints":{"allow":["GET"]}}],"collection":[{"href":"https:\/\/depositofrade.com.br\/index.php?rest_route=\/wp\/v2\/product"}],"about":[{"href":"https:\/\/depositofrade.com.br\/index.php?rest_route=\/wp\/v2\/types\/product"}],"wp:featuredmedia":[{"embeddable":true,"href":"https:\/\/depositofrade.com.br\/index.php?rest_route=\/wp\/v2\/media\/5277"}],"wp:attachment":[{"href":"https:\/\/depositofrade.com.br\/index.php?rest_route=%2Fwp%2Fv2%2Fmedia&parent=5275"}],"wp:term":[{"taxonomy":"product_brand","embeddable":true,"href":"https:\/\/depositofrade.com.br\/index.php?rest_route=%2Fwp%2Fv2%2Fproduct_brand&post=5275"},{"taxonomy":"product_cat","embeddable":true,"href":"https:\/\/depositofrade.com.br\/index.php?rest_route=%2Fwp%2Fv2%2Fproduct_cat&post=5275"},{"taxonomy":"product_tag","embeddable":true,"href":"https:\/\/depositofrade.com.br\/index.php?rest_route=%2Fwp%2Fv2%2Fproduct_tag&post=5275"}],"curies":[{"name":"wp","href":"https:\/\/api.w.org\/{rel}","templated":true}]}}